 3. What is b(-12)?
-27
Let m(q) = -14*q - 65. What is m(-6)?
19
Let d(s) = -12*s + 84. Calculate d(7).
0
Let p(b) = -b**2 - 4*b + 1. Calculate p(3).
-20
Let t(k) = 3*k**2 - k. Calculate t(2).
10
Let t(b) = b**2 + 4*b - 4. Give t(-3).
-7
Let k(g) = g - 11. Determine k(3).
-8
Let t(p) = p - 6. Give t(3).
-3
Let b(q) = 2*q**2 - 36*q - 10. Determine b(17).
-44
Let b(d) = d**3 + 4*d**2 - 3*d - 17. Calculate b(-4).
-5
Let b(p) = 4*p - 5. Determine b(-2).
-13
Let i(c) = c**2 + 5*c - 102. Calculate i(10).
48
Let o(d) = d**3 + 8*d**2 + 8*d - 1. What is o(-4)?
31
Let o(v) = v - 6. Calculate o(-2).
-8
Let x(g) = 2*g - 39. What is x(17)?
-5
Let l(u) = -u**3 - 48*u**2 + 45*u - 197. Give l(-49).
-1
Let i(v) = 32*v**2 - 5*v + 3. Give i(2).
121
Let c(q) = -17*q - 939. Give c(-55).
-4
Let i(t) = t + 1. Determine i(-4).
-3
Let c(m) = -5*m - 2. Calculate c(-1).
3
Let k(n) = n**3 - 3*n**2 - 4*n + 2. Give k(4).
2
Let l(a) = 7*a + 22. Give l(0).
22
Let q(d) = d**2 + 15*d + 40. Determine q(-12).
4
Let k(b) = b**3 + 17*b**2 + 24*b + 123. What is k(-16)?
-5
Let b(h) = 2*h**2 - 5*h + 6. Give b(5).
31
Let y(g) = g**2 + 19*g - 2. What is y(-18)?
-20
Let v(p) = p**3 - 10*p**2 + 23*p - 8. Give v(6).
-14
Let w(b) = 24*b + 24. Determine w(-2).
-24
Let o(u) = 24*u - 17. Calculate o(7).
151
Let q(i) = -i**3 - i**2 - i - 6. What is q(-2)?
0
Let n(w) = -3*w**2 - 10*w + 28. Calculate n(3).
-29
Let d(p) = 6*p - 1. Calculate d(-1).
-7
Let x(v) = v**3 - 14*v**2 - 30*v + 6. Calculate x(16).
38
Let z(d) = d**3 + 2*d**2 - 5*d - 2. Give z(-2).
8
Let v(y) = -2*y**2 + 2*y + 8. Calculate v(-4).
-32
Let u(b) = -4*b**2 - 57*b - 7. Calculate u(-14).
7
Let j(k) = -k**2 + 26*k - 157. Determine j(15).
8
Let a(b) = -b**3 + 16*b**2 - 15*b + 19. Calculate a(15).
19
Let k(x) = -x**2 - 7*x + 2. Determine k(-4).
14
Let r(s) = s + 13. What is r(-12)?
1
Let p(g) = -g - 13. Calculate p(-7).
-6
Let n(u) = 4*u**2 + u - 3. Calculate n(2).
15
Let x(c) = 13*c**2 + 61*c + 7. What is x(-5)?
27
Let v(z) = -z - 1. Calculate v(11).
-12
Let c(a) = 2*a - 8. What is c(8)?
8
Let m(r) = -2*r**2 - 7*r - 2. What is m(-5)?
-17
Let a(p) = 3*p**2 + 4. What is a(3)?
31
Let f(i) = -i**3 - 12*i**2 + 108*i - 1. Determine f(-18).
-1
Let m(j) = -j**3 + 9*j**2 + 4*j - 23. Give m(9).
13
Let b(p) = p**2 - 15*p - 19. Calculate b(16).
-3
Let q(g) = g**2 - 8*g. What is q(9)?
9
Let u(t) = t**3 + 19*t**2 - 19*t + 25. Calculate u(-20).
5
Let c(t) = 2*t**2 + 34*t + 12. Determine c(-16).
-20
Let l(s) = -3*s - 31. Calculate l(-6).
-13
Let u(n) = -n**3 + 6*n**2 - 5*n. Calculate u(5).
0
Let q(k) = 2*k**2 - 3*k + 1. Calculate q(-4).
45
Let a(d) = 2*d**3 + 45*d**2 + 9*d - 278. Give a(-22).
8
Let u(f) = f + 9. Give u(3).
12
Let s(n) = -31*n**2 - n + 8. Calculate s(2).
-118
Let l(n) = -n**2 + 9*n - 2. Calculate l(8).
6
Let h(x) = 2*x**3 - 61*x**2 + 26*x + 114. Determine h(30).
-6
Let x(m) = 3*m + 2. Give x(-6).
-16
Let t(p) = -22*p - 155. Calculate t(-7).
-1
Let r(k) = k**2 - 14*k + 6. Calculate r(10).
-34
Let u(o) = 9*o + 5. Give u(-2).
-13
Let p(k) = 12*k - 110. Determine p(10).
10
Let i(g) = -g**3 - 3*g - 4. What is i(-3)?
32
Let s(j) = j**2 + 9*j + 10. Calculate s(-9).
10
Let a(t) = -t**3 + 8*t**2 + 30*t + 8. Give a(11).
-25
Let i(o) = -o + 10. Calculate i(21).
-11
Let g(j) = -j - 5. Determine g(16).
-21
Let t(l) = -l**3 + 9*l**2 + 6*l + 21. Calculate t(10).
-19
Let m(c) = c**3 + 31*c**2 + 29*c - 17. What is m(-30)?
13
Let s(r) = r**3 + 4*r**2 - 4*r - 16. What is s(-3)?
5
Let t(u) = -6*u - 22. Give t(-10).
38
Let l(t) = -t**2 + 26*t - 161. Give l(15).
4
Let l(v) = v**2 - 18*v - 10. Calculate l(20).
30
Let y(i) = 19*i - 187. Determine y(10).
3
Let p(z) = z**3 + z**2 - 2*z - 121. What is p(0)?
-121
Let g(w) = -w**2 + 33*w - 145. Calculate g(28).
-5
Let f(v) = v**3 - 6*v**2 + 2*v + 9. Give f(6).
21
Let m(h) = 37*h**3 - h. What is m(-1)?
-36
Let w(l) = -l**3 - 6*l**2 - l + 4. Give w(-6).
10
Let b(a) = a**3 + 6*a**2 + 6*a + 5. Calculate b(-5).
0
Let n(m) = 9*m - 5. Calculate n(2).
13
Let j(i) = -i**2 + 83. Give j(9).
2
Let k(m) = -52*m - 254. What is k(-5)?
6
Let h(z) = z**2 - 11*z + 14. What is h(8)?
-10
Let x(g) = -g**3 + 4*g**2 + 12*g - 9. What is x(6)?
-9
Let g(x) = -2*x**2 + 8*x - 6. What is g(-6)?
-126
Let v(u) = u**2 - 12*u + 12. Determine v(13).
25
Let d(h) = -6*h**2 - h - 1. What is d(-2)?
-23
Let x(l) = 4*l**2 - l - 9. Calculate x(4).
51
Let s(j) = 2*j - 113. Calculate s(61).
9
Let r(u) = -u**3 - 11*u**2 + 12*u + 16. Give r(-12).
16
Let i(v) = v**2 + 9*v - 25. Calculate i(-9).
-25
Let j(g) = g**3 + 15*g**2 + 13*g + 11. Give j(-14).
25
Let t(p) = p**3 - 11*p**2 + 13*p - 32. Determine t(10).
-2
Let q(a) = 6*a**2 + 21*a + 2. What is q(-4)?
14
Let a(v) = -2*v**2 + 24*v - 50. What is a(9)?
4
Let b(r) = -r**2 + 4*r + 13. Give b(3).
16
Let l(i) = -i**2 - 23*i + 18. Give l(-24).
-6
Let g(c) = 3*c**3 + 3*c**2 + c - 1. What is g(-1)?
-2
Let c(s) = s**2 - 4*s - 50. Determine c(14).
90
Let p(v) = -v**3 - 15*v**2 - 29*v - 45. Give p(-13).
-6
Let j(l) = l**2 - 12*l + 12. What is j(8)?
-20
Let x(f) = -10*f**3 - 1. Give x(1).
-11
Let j(p) = -p**3 - p**2 - p + 11. Calculate j(0).
11
Let l(z) = 2*z**2 + 27*z - 12. What is l(-13)?
-25
Let p(o) = o**3 - 7*o**2 - 20*o + 16. Determine p(9).
-2
Let t(l) = -l**3 + 6*l**2 + 6*l + 2. What is t(7)?
-5
Let q(w) = -w**3 + 5*w**2 + 8*w + 3. Determine q(6).
15
Let k(t) = t**2 + 11*t - 25. What is k(-12)?
-13
Let q(l) = -14*l**2 - l + 1. Calculate q(1).
-14
Let q(u) = -u**2 + 52*u + 415. What is q(-7)?
2
Let u(c) = -c**2 + 7*c - 2. Give u(8).
-10
Let o(u) = u**3 + 31*u**2 - 268*u - 72. Determine o(-38).
4
Let d(c) = 6*c + 4. Calculate d(-2).
-8
Let d(b) = b**3 - 5*b**2 - 6*b + 3. Determine d(6).
3
Let x(f) = -f**2 - 13*f + 1. Determine x(-13).
1
Let y(m) = m**3 + 7*m**2 - m - 11. Determine y(-7).
-4
Let n(v) = v**3 - 2*v - 10. Give n(0).
-10
Let w(u) = u**3 - 18*u**2 + 18*u - 13. What is w(17)?
4
Let c(g) = g**2 + 9*g + 5. Calculate c(-5).
-15
Let c(v) = v**2 - 4*v - 28. Determine c(-3).
-7
Let h(r) = 2*r - 41. Calculate h(12).
-17
Let a(o) = -o**2 + 5*o + 3. Calculate a(3).
9
Let z(o) = 11*o + 2. Calculate z(-4).
-42
Let g(v) = -2*v - 55. Give g(-10).
-35
Let g(f) = -f**2 + 6*f + 10. Calculate g(7).
3
Let v(o) = o - 1. Determine v(10).
9
Let r(n) = -n**3 + 10*n**2 - 12*n + 2. Calculate r(9).
-25
Let f(g) = -2*g**2 + 7*g - 5. Give f(4).
-9
Let n(q) = 68*q**3 - 2*q**2 - q + 1. Give n(-1).
-68
Let i(w) = w**2 + 14*w - 15. Give i(-13).
-28
Let d(v) = -v**3 + 6*v**2 + 3*v - 7. Give d(6).
11
Let b(d) = d**3 - 34*d**2 + 93*d - 7. Determine b(31).
-7
Let g(m) = -m**2 - 12*m + 41. Give g(-13).
28
Let g(w) = 2*w**2 + w + 6. What is g(0)?
6
Let j(n) = 5*n + 10. Determine j(6).
40
Let w(r) = 3*r**2 + 3*r + 5. Determine w(-3).
23
Let x(q) = -3*q + 6. Give x(5).
-9
Let b(p) = -p**2 + 7*p + 30. Calculate b(9).
12
Let y(p) = p - 7. Determine y(7).
0
Let y(v) = -v**3 + 6*v**2 - 2*v - 10. Determine y(6).
-22
Let t(j) = 13*j - 91. What is t(6)?
-13
Let w(o) = -18*o - 8. Determine w(-5).
82
Let n(f) = 6*f**2 - 2*f - 1. Calculate n(3).
47
Let i(m) = m**3 + 7*m**2 - 17*m - 12. What is i(-8)?
60
Let p(f) = f**2 + 4*f - 20. Calculate p(-7).
1
Let h(v) = -v**2 - 10*v - 15. Give h(-6).
9
Let t(w) = w**2 - 9*w + 10. Determine t(6).
-8
Let q(k) = -26*k + 249. Give q(10).
-11
Let q(n) = -70*n - 240. Determine q(-4).
40
Let b(o) = -o**3 + 9*o**2 + 7*o + 5. What is b(10)?
-25
Let o(i) = -i**3 + 10*i**2 - 2*i + 7. Determine o(10).
-13
Let m(w) = -w**3 + 6*w**2 + 9*w - 16. Calculate m(7).
-2
Let u(q) = -5*q - 6. Determine u(-5).
19
Let g(d) = 8*d - 20. Determine g(2).
-4
Let k(o) = -2*o**2 - 2*o - 6. What is k(5)?
-66
Let w(r) = 2*r - 25. Determine w(12).
-1
Let b(i) = -i**2 + 7*i + 3. Give b(8).
-5
Let w(p) = -12*p + 203. Determine w(17).
-1
Let t(a) = -4*a**2 + 2*a - 3. Calculate t(3).
-33
Let h(g) = -g**2 - 16*g - 14. Determine h(-16).
-14
Let w(n) = -n**2 + 2*n + 7. What is w(7)?
-28
Let c(w) = -w**2 - 7*w + 61. What is c(-12)?
1
Let b(z) = -z**3 - 4*z**2 + 3*z + 7. Give b(-5).
17
Let l(c) = -3*c**2 + 3*c + 27. Calculate l(4).
-9
Let g(b) = -47*b - 66. What is g(-5)?
169
Let a(f) = -162*f + 2098. Give a(13).
-8
Let h(c) = c**2 - 7*c - 3. Determine h(8).
5
Let q(r) = -r**3 + 9*r**2 + r - 4. Determine q(9).
5
Let s(f) = -34*f + 98. Give s(3).
